75728 is divided by 3811?
3319
Calculate the remainder when 70464599 is divided by 2803.
2785
What is the remainder when 134317 is divided by 3058?
2823
Calculate the remainder when 14325561 is divided by 7162778.
5
What is the remainder when 1268438 is divided by 27573?
80
Calculate the remainder when 5955983 is divided by 3339.
2546
What is the remainder when 96927948 is divided by 48463965?
18
Calculate the remainder when 9427429 is divided by 2356791.
265
What is the remainder when 990913 is divided by 990835?
78
Calculate the remainder when 99954 is divided by 82.
78
What is the remainder when 3813493 is divided by 125?
118
What is the remainder when 47793632 is divided by 13934?
12
Calculate the remainder when 1070587 is divided by 1273.
1267
What is the remainder when 65245 is divided by 4659?
19
Calculate the remainder when 120269 is divided by 771.
764
Calculate the remainder when 20357603 is divided by 286726.
57
Calculate the remainder when 1562980 is divided by 69.
61
What is the remainder when 156757 is divided by 156753?
4
Calculate the remainder when 488097 is divided by 154.
71
What is the remainder when 8338461 is divided by 4169222?
17
Calculate the remainder when 56698 is divided by 1642.
870
What is the remainder when 1159467 is divided by 1170?
1167
Calculate the remainder when 1351953 is divided by 675907.
139
Calculate the remainder when 1222824 is divided by 61124.
344
Calculate the remainder when 20881 is divided by 19012.
1869
What is the remainder when 411997 is divided by 439?
215
Calculate the remainder when 41699954 is divided by 79127.
25
Calculate the remainder when 762232 is divided by 397.
389
Calculate the remainder when 406150 is divided by 1191.
19
What is the remainder when 686607 is divided by 391?
11
Calculate the remainder when 1194570 is divided by 2966.
2238
What is the remainder when 53057 is divided by 3030?
1547
What is the remainder when 64690075 is divided by 11?
10
What is the remainder when 99276779 is divided by 4727465?
14
Calculate the remainder when 13917427 is divided by 4639133.
28
Calculate the remainder when 5938095 is divided by 1271.
1254
Calculate the remainder when 179380 is divided by 229.
73
Calculate the remainder when 226060 is divided by 5102.
1572
What is the remainder when 197466578 is divided by 1895?
1893
What is the remainder when 630890 is divided by 105134?
86
What is the remainder when 49812 is divided by 24120?
1572
Calculate the remainder when 61275730 is divided by 463.
458
What is the remainder when 196390 is divided by 17852?
18
What is the remainder when 495032 is divided by 82503?
14
What is the remainder when 4798258 is divided by 3273?
40
Calculate the remainder when 353720 is divided by 88411.
76
Calculate the remainder when 2135933 is divided by 50851.
191
What is the remainder when 2566144 is divided by 333?
46
What is the remainder when 24181339 is divided by 3011?
3009
What is the remainder when 3911361 is divided by 1303768?
57
Calculate the remainder when 974374 is divided by 10477.
13
Calculate the remainder when 173305439 is divided by 32.
31
Calculate the remainder when 837318 is divided by 837059.
259
What is the remainder when 12408 is divided by 3840?
888
What is the remainder when 18679113 is divided by 126?
117
What is the remainder when 6862001 is divided by 1267?
1196
Calculate the remainder when 7523814 is divided by 135.
129
What is the remainder when 34864 is divided by 90?
34
Calculate the remainder when 6893622 is divided by 61550.
22
Calculate the remainder when 3283699 is divided by 13.
3
What is the remainder when 756305 is divided by 343?
333
Calculate the remainder when 2382532 is divided by 1191206.
120
Calculate the remainder when 1696775 is divided by 215.
210
Calculate the remainder when 5078100 is divided by 1692690.
30
What is the remainder when 57284 is divided by 4159?
3217
What is the remainder when 18994351 is divided by 306?
13
What is the remainder when 1339270 is divided by 1074?
1066
What is the remainder when 385930 is divided by 10991?
1245
Calculate the remainder when 6913286 is divided by 12524.
38
What is the remainder when 9093655 is divided by 2273394?
79
What is the remainder when 101310077 is divided by 64?
61
What is the remainder when 188953 is divided by 18722?
1733
What is the remainder when 136163143 is divided by 4031?
4025
Calculate the remainder when 28009909 is divided by 5601977.
24
What is the remainder when 120868931 is divided by 1206?
1199
What is the remainder when 1337161 is divided by 212?
77
What is the remainder when 7190241 is divided by 56616?
9
What is the remainder when 8715239 is divided by 1548?
1547
Calculate the remainder when 1095158 is divided by 32210.
18
Calculate the remainder when 29649 is divided by 1376.
753
Calculate the remainder when 5695945 is divided by 66.
13
What is the remainder when 80868 is divided by 80245?
623
What is the remainder when 430934 is divided by 71765?
344
Calculate the remainder when 628947 is divided by 1708.
403
What is the remainder when 1777370 is divided by 118489?
35
Calculate the remainder when 71982541 is divided by 82.
71
Calculate the remainder when 4934495 is divided by 7870.
5
Calculate the remainder when 202235 is divided by 101077.
81
Calculate the remainder when 11758719 is divided by 1967.
1960
What is the remainder when 878491 is divided by 255?
16
Calculate the remainder when 28793093 is divided by 3233.
3228
What is the remainder when 206368 is divided by 257?
254
Calculate the remainder when 256146 is divided by 305.
251
Calculate the remainder when 37099 is divided by 4947.
2470
What is the remainder when 48866 is divided by 7773?
2228
Calculate the remainder when 2863297 is divided by 1431644.
9
What is the remainder when 1947761 is divided by 8733?
302
Calculate the remainder when 256095 is divided by 1498.
1435
Calculate the remainder when 131256 is divided by 5960.
136
Calculate the remainder when 15827 is divided by 878.
23
Calculate the remainder when 699264 is divided by 699228.
36
What is the remainder when 1100009 is divided by 3998?
559
What is the remainder when 39133675 is divided by 27?
10
What is the remainder when 113509 is divided by 1835?
1574
What is the remainder when 30764149 is divided by 4216?
4213
Calculate the remainder when 40865014 is divided by 319.
157
What is the remainder when 13246103 is divided by 26?
13
Calculate the remainder when 188887739 is divided by 2473.
2472
Calculate the remainder when 318168 is divided by 377.
357
What is the remainder when 51287 is divided by 15218?
5633
Calculate the remainder when 28716 is divided by 1910.
66
What is the remainder when 15895532 is divided by 2109?
2108
Calculate the remainder when 581602 is divided by 923.
112
Calculate the remainder when 1285958 is divided by 32960.
518
Calculate the remainder when 55577 is divided by 10.
7
Calculate the remainder when 3066909 is divided by 948.
129
What is the remainder when 338860 is divided by 175?
60
What is the remainder when 2887886 is divided by 577574?
16
What is the remainder when 1146941 is divided by 18802?
19
What is the remainder when 13750582 is divided by 5338?
5232
Calculate the remainder when 288944694 is divided by 1650.
1644
What is the remainder when 3327243 is divided by 57366?
15
Calculate the remainder when 45465 is divided by 22376.
713
What is the remainder when 9753021 is divided by 180608?
189
Calculate the remainder when 3566875 is divided by 160.
155
Calculate the remainder when 465880 is divided by 65.
25
What is the remainder when 76571195 is divided by 10442?
9
What is the remainder when 529184 is divided by 18246?
50
What is the remainder when 651970 is divided by 93136?
18
What is the remainder when 91901 is divided by 10088?
1109
What is the remainder when 165910 is divided by 20589?
1198
Calculate the remainder when 15363189 is divided by 37.
12
Calculate the remainder when 425552 is divided by 1687.
428
What is the remainder when 1451403 is divided by 483797?
12
What is the remainder when 12176125 is divided by 283?
50
What is the remainder when 50935300 is divided by 145?
135
What is the remainder when 4392426 is divided by 611?
558
Calculate the remainder when 104879 is divide